ose -1596 = -53*d + 2485. Suppose -88*q + 264 = -d*q. Let a(z) = z**2 + z + 4. Let r be a(-4). Calculate the highest common divisor of q and r.
8
Suppose 55 = 10*q - 6965. Suppose 0 = 16*c + 206 - q. Calculate the greatest common factor of c and 868.
31
Let g = 14 + 4. Let a = 3434 + -3110. What is the highest common divisor of g and a?
18
Let r(f) = 3*f**3 - 2*f + 5. Let s be r(2). Let k be (-1048)/3 - 2/3. Let d = 550 + k. What is the greatest common factor of s and d?
25
Suppose -6960 - 7296 = -24*w. Let b = -399 + w. What is the greatest common divisor of b and 130?
65
Let f = -22 + 23. Let m(s) = 0 + 6 + 5*s**2 - 6*s**2 - 4 + 2*s. Let y be m(0). What is the highest common factor of f and y?
1
Suppose -876132 = -229*a + 2923756 + 701336. What is the highest common divisor of a and 26?
26
Let w be 15 + (-13524)/(-12) - (-1 + -3 + 5). What is the highest common divisor of 7 and w?
7
Let o(i) = 6 - i - 6*i + 0*i. Let a be o(-6). Let s = -56920 - -57040. What is the greatest common factor of s and a?
24
Let n be (-5 + 2)*(1 - 8) + 1. Let p(i) = -i**3 + 7*i**2 - 6*i - 2. Let c be p(4). Calculate the greatest common factor of n and c.
22
Suppose -9 = 5*g + 11. Let t be (-325)/(-3) + ((-26)/6 - g). Suppose t = 2*u + 4*u. What is the highest common factor of u and 45?
9
Suppose -84 = -13*z + 12*z. Let q = -39 + 41. Suppose q*a - 4*i = 32, 4*a = -0*a - i + 46. What is the highest common divisor of z and a?
12
Let o = -166 - -167. Let m be ((-1029)/14)/(o/(-2)). What is the greatest common factor of 3 and m?
3
Let b be 1*78 - (7 + -1) - 6. Let d = 14 + 8. Calculate the greatest common divisor of d and b.
22
Suppose y - 439 = -3*w, 3*w + 4*y - 570 = -128. Suppose -3*p - w = -809. Let g(o) = 7*o - 4. Let v be g(3). What is the greatest common divisor of p and v?
17
Let o be (5 + -6)/(3/(-18)). Let a(r) = r**2 + 2*r - 16. Let y be a(o). Calculate the greatest common divisor of y and 1.
1
Let b(c) be the first derivative of c**3/3 + 7*c**2/2 - 15*c - 2. Suppose -45*d + 46*d = 6. Let f be b(d). Calculate the greatest common divisor of 18 and f.
9
Let c be (-3)/(-9) + (-222)/(-9). Suppose -4*z = -19 - 33. Suppose -101 = -z*o + 549. What is the greatest common factor of o and c?
25
Let a(f) = f**2 - 60*f - 458. Let d be a(-7). Calculate the greatest common factor of d and 22396.
11
Let z(t) = 52*t**2 + 14*t + 16. Let k be z(-4). Suppose 0 = 35*p - 32*p - k. Calculate the greatest common divisor of 12 and p.
12
Suppose -6*x = -1028 + 596. What is the highest common factor of x and 344?
8
Let f be -58*(1 + 17/(-19) - 3850/475). Calculate the highest common factor of f and 8.
8
Let r = 14 - 9. Suppose -r*l - 5*g + 0 + 5 = 0, -5*g - 20 = 0. Suppose l*z + 20 - 95 = 0. What is the highest common factor of 135 and z?
15
Suppose 2*q - 476 = -5*t, 3*t - 10*q - 294 = -7*q. What is the greatest common factor of 78 and t?
6
Let j be (72/14)/((-194)/49 - -4). Suppose -115*f - 440 = -j*f. What is the greatest common factor of 190 and f?
10
Let m(z) = 2*z**3 + 30*z**2 + 29*z + 15. Let d be m(-14). Calculate the highest common divisor of d and 655.
1
Let b be -8 - (6 + -7)*5. Let u be 8307/65 - (b + 14/5). Suppose 4*h = 45 + 19. What is the highest common factor of u and h?
16
Suppose 4*r + 16 = 0, 32*w = 35*w - r - 9352. Calculate the greatest common factor of w and 41.
41
Let v(a) = -a**3 + 13*a**2 - 2*a - 20. Let u be v(12). Suppose u = 24*p - 14*p. What is the greatest common factor of 970 and p?
10
Let l = 141 + -123. Let t = -13 - -16. Let s be 1*(-1)/(t/(-6)). What is the greatest common factor of l and s?
2
Suppose -22*f + 261 = -227 - 348. What is the greatest common factor of f and 27227?
19
Suppose 13*u + 2997 = 16*u + r, 3*r + 2009 = 2*u. Calculate the highest common factor of u and 20.
20
Let g be 16/(-6)*-8*15/(-10). Let j be -10*(-6)/(-12) - g. What is the greatest common factor of 54 and j?
27
Let p(f) = 2*f**2 + 48*f + 4. Let o be p(-24). Suppose o*b - 58 = -3*x, -3*x - 2*b = 4 - 72. What is the greatest common divisor of x and 52?
26
Suppose 0 = -5*u - 2*r + 409, 258*u = 257*u - 4*r + 89. Calculate the highest common factor of 1 and u.
1
Suppose -5*q = 4*s - 155, 2*s - 2*q = 6*s - 170. Let p = 108 - 98. Suppose -2*c + 35 = 3*c - 2*b, -p = -2*b. What is the highest common divisor of s and c?
9
Let i = 1382 - -1811. What is the highest common divisor of 62 and i?
31
Suppose -6*p - 88 + 862 = 0. Let r = -72 + p. What is the greatest common factor of 3 and r?
3
Let z(r) = 3 + 3*r - r**2 + 2*r**3 - 3*r - 2*r. Let c be z(2). Suppose x - 143 = c. What is the highest common divisor of x and 14?
14
Suppose -z = 0, 11*l = 6*l + 2*z + 90. Let h be ((-45)/(-18))/((-10)/(-456)). What is the highest common factor of h and l?
6
Let g = -4 + 12. Let j(k) = k**2 - 23*k + 44. Let q be j(21). Let u be (-1 - 2) + q - (-9 - -4). Calculate the highest common divisor of g and u.
4
Suppose -3*w - 4*d = 100, 6*d - 3*d - 78 = 2*w. Let r = w - -155. Calculate the highest common factor of r and 34.
17
Let j be ((-1276)/6 + -2)/((-25)/150). Calculate the greatest common factor of 112 and j.
56
Let c = -28549 - -28684. Calculate the greatest common factor of c and 105.
15
Suppose 2*d - 3*v - 3 + 11 = 0, 4*d - 12*v + 40 = 0. Calculate the highest common factor of d and 151.
1
Let o be (4*5)/((-12)/(-78)). Suppose 21*t - 18*t = 0. Suppose -3*m + t*m = 15, 0 = -j + m + 57. Calculate the greatest common factor of j and o.
26
Let m = -263 - -274. Suppose 0 = 13*n - m*n - 100. What is the highest common factor of 400 and n?
50
Let y be ((-15)/30)/((-1)/(-12)). Let b = y + 10. Suppose -253 = -b*k - 1. What is the highest common factor of 7 and k?
7
Suppose -18 + 0 = -3*d. Let c(h) = 55*h + 8. Let s be c(d). What is the greatest common factor of 26 and s?
26
Let m = -2632 + 2636. What is the highest common factor of m and 626?
2
Let g = -628 + 637. Let r = 10 + -6. Suppose 2*f = r*f - 2. What is the highest common divisor of g and f?
1
Suppose 3*u = 4*h - 448, -h + 168 - 63 = u. Suppose -h = -3*t + 5*m - m, -3*m = -t + 38. What is the greatest common factor of 10 and t?
5
Let q be 2282*4/24 - ((-70)/(-21) - 3). What is the greatest common divisor of q and 76?
76
Let y be (-12)/156*2 - 20412/(-13). What is the highest common divisor of 10 and y?
10
Suppose 178*q - 175*q - 5*y = 484, 0 = -q - y + 172. Calculate the highest common factor of 7 and q.
7
Suppose 4*d = -5*d + 27. Suppose -3*t - 2*n + 38 = t, d*t - 5*n = 9. Calculate the highest common factor of 76 and t.
4
Suppose -81365 + 149666 = 78*c - 86763. What is the highest common divisor of c and 70?
14
Suppose 5 = 2*k - 5. Let r = 18654 + -18644. What is the highest common factor of k and r?
5
Let v(u) = -3*u**3 - 94*u**2 + 57*u + 562. Let a be v(-34). Calculate the highest common factor of 216 and a.
24
Let f = 203 - 173. Suppose -24 + f = 2*l. What is the highest common factor of 3 and l?
3
Suppose -4*a + 0 = -8. Suppose a*c + 3*c - 175 = 5*d, 3*c + 2*d = 105. Let h be (-1404)/(-20) + (30/25)/(-6). What is the greatest common factor of h and c?
35
Let s be (-1*-1*1)/((-97)/(-291)). Suppose -5*w + 2*v = -54, -15 + 0 = -2*w + s*v. What is the greatest common factor of 78 and w?
6
Let r be (-2)/4*(-2 + -54). Let y be (-234)/(-12) - 2/(-4). What is the greatest common divisor of r and y?
4
Let a be 2057344/576 - (12/(-4) - (-50)/18). What is the highest common factor of a and 76?
76
Let i be ((-20)/4 - 1)/(-2). Suppose -20*b + 33*b - 1131 = 0. What is the greatest common divisor of b and i?
3
Suppose 0*r + 3174 = 3*r. Let t be ((-59754)/(-433))/(-4*(-9)/12). What is the highest common factor of t and r?
46
Suppose -2*h + 230 = -2*m, -5*m = -3 - 7. Let r = -4 - -6. Suppose 4*p - r*x = 4 + 38, -2*p + 31 = x. Calculate the greatest common factor of h and p.
13
Let j = 237 - 234. Suppose -4*r + j*o = -1731, 2*o + 1 = -9. What is the greatest common factor of r and 33?
33
Let p(y) = 8*y**3 + 111*y**2 - 22*y - 52. Let f be p(-14). What is the greatest common divisor of 2200 and f?
20
Let z(l) = -428*l - 8446. Let h be z(-32). Calculate the greatest common factor of 42 and h.
42
Suppose 15*f - 42840 = -53*f. What is the highest common divisor of f and 1071?
63
Let k be (-10086)/(-12)*(80 + -66). What is the greatest common divisor of 1148 and